{"id":379,"date":"2016-10-13T09:36:06","date_gmt":"2016-10-13T14:36:06","guid":{"rendered":"http:\/\/rowlandlaw.com\/?page_id=379"},"modified":"2024-07-18T15:45:03","modified_gmt":"2024-07-18T20:45:03","slug":"rechstreferendare","status":"publish","type":"page","link":"https:\/\/rowlandlaw.com\/index.php\/rechstreferendare\/","title":{"rendered":"Rechtsreferendar:innen"},"content":{"rendered":"<p>F\u00fcr unser B\u00fcro in New York City, USA, suchen wir f\u00fcr den Zeitraum vom <strong>0<\/strong><strong>1. Oktober 2024 bis 31. Dezember 2024 <\/strong>engagierte<\/p>\n<p>RECHTSREFERENDARE \/ RECHTSREFERENDARINNEN<\/p>\n<p>mit sicheren Kenntnissen der englischen Sprache, die unsere Anw\u00e4ltinnen und Anw\u00e4lte w\u00e4hrend ihrer Wahlstation\u00a0 unterst\u00fctzen wollen.<\/p>\n<p>Wir bieten Ihnen eine interessante T\u00e4tigkeit in juristisch und wirtschaftlich spannenden Bereichen. Sie werden von Beginn an in die allt\u00e4gliche Arbeit unserer Anw\u00e4lt:innen eingebunden sein und die Arbeit in einer internationalen Anwaltskanzlei kennenlernen.<\/p>\n<p>Es ist unser Anspruch, Ihnen neben vertiefenden theoretischen Kenntnissen vor allem die M\u00f6glichkeit zu bieten, qualifizierte praktische Erfahrungen zur Vorbereitung Ihrer anwaltliche Karriere zu erwerben.<\/p>\n<p>Bitte \u00fcbersenden Sie uns bei Interesse Ihre vollst\u00e4ndigen Bewerbungsunterlagen per E-Mail an:<\/p>\n<p>RA Julius Kaspar Niesert<\/p>\n<p>julius.niesert@rowlandlaw.com<\/p>\n","protected":false},"excerpt":{"rendered":"<p>F\u00fcr unser B\u00fcro in New York City, USA, suchen wir f\u00fcr den Zeitraum vom 01. Oktober 2024 bis 31. Dezember 2024 engagierte RECHTSREFERENDARE \/ RECHTSREFERENDARINNEN mit sicheren Kenntnissen der englischen Sprache, die unsere Anw\u00e4ltinnen und Anw\u00e4lte w\u00e4hrend ihrer Wahlstation\u00a0 unterst\u00fctzen wollen. Wir bieten Ihnen eine interessante T\u00e4tigkeit in juristisch und wirtschaftlich spannenden Bereichen. Sie werden [&hellip;]<\/p>\n","protected":false},"author":1,"featured_media":0,"parent":0,"menu_order":0,"comment_status":"closed","ping_status":"closed","template":"","meta":[],"_links":{"self":[{"href":"https:\/\/rowlandlaw.com\/index.php\/wp-json\/wp\/v2\/pages\/379"}],"collection":[{"href":"https:\/\/rowlandlaw.com\/index.php\/wp-json\/wp\/v2\/pages"}],"about":[{"href":"https:\/\/rowlandlaw.com\/index.php\/wp-json\/wp\/v2\/types\/page"}],"author":[{"embeddable":true,"href":"https:\/\/rowlandlaw.com\/index.php\/wp-json\/wp\/v2\/users\/1"}],"replies":[{"embeddable":true,"href":"https:\/\/rowlandlaw.com\/index.php\/wp-json\/wp\/v2\/comments?post=379"}],"version-history":[{"count":13,"href":"https:\/\/rowlandlaw.com\/index.php\/wp-json\/wp\/v2\/pages\/379\/revisions"}],"predecessor-version":[{"id":484,"href":"https:\/\/rowlandlaw.com\/index.php\/wp-json\/wp\/v2\/pages\/379\/revisions\/484"}],"wp:attachment":[{"href":"https:\/\/rowlandlaw.com\/index.php\/wp-json\/wp\/v2\/media?parent=379"}],"curies":[{"name":"wp","href":"https:\/\/api.w.org\/{rel}","templated":true}]}}